-47*z. Let g(y) = y**2 - 7*y + 2. What is g(z)?
-4
Let w(s) = -s**3 - 6*s**2 - 4*s + 2. Let h be (3 - 11)/(0 - 2/(-1)). Calculate w(h).
-14
Suppose 2*a + 4 = 7*i - 2*i, 3*a - 1 = 4*i. Let l(n) = -2*n - 10 + 0*n + a*n. What is l(8)?
-2
Let q be (223/(-45) + 5)*(-3)/(-8). Let s(p) be the third derivative of -3*p**2 - q*p**5 + 0*p - 5/24*p**4 + 1/3*p**3 + 0. Give s(-5).
2
Let y(p) = p**2 - 1. Let c(v) = -4*v**2 - 4*v. Let z(b) = -c(b) - 5*y(b). What is z(4)?
5
Let u(j) = -3*j**2 + 13*j + 12. Let p be u(5). Let w(k) = -2*k**2 - k - 1. What is w(p)?
-11
Let n(m) = m**2 + 6*m + 2. Suppose 32 - 8 = 3*g. Let j = g - 14. Calculate n(j).
2
Let i(r) = -r**2 + r. Let p be 1/(30/20 - (-13)/(-10)). Determine i(p).
-20
Let a(u) be the third derivative of -u**5/30 + u**4/24 - 20*u**2. What is a(1)?
-1
Let o(t) be the first derivative of -t**4/6 - t**3/2 + 3*t**2/2 + 3. Let z(g) be the second derivative of o(g). Give z(-3).
9
Suppose -3*n + 4 = n. Suppose 4*j + 1 = -3*p + 2, -46 = -3*p + 5*j. Let s(z) = -p*z - 1 + 6*z - z. Determine s(n).
-3
Let f(l) = l**3 - 3*l**2 - l - 1. Let g be 108/30 - 4/(-10). Give f(g).
11
Let k(d) be the first derivative of -d**2 + 7*d + 7. Calculate k(-5).
17
Let f(q) = 3*q + 2. Let a be f(-2). Let b(u) = -1. Let p(c) = -c - 5. Let g(r) = 6*b(r) - p(r). Calculate g(a).
-5
Let a(v) = -v**3 + v**2 - v. Let n = 1 - -2. Let q = n + -3. Give a(q).
0
Let n(v) = 3*v**2 + v - 9. Let j(b) = -b**2 + 3. Let u(o) = -7*j(o) - 2*n(o). Determine u(-2).
5
Let n(o) = 1 - 4*o**3 + 4*o**2 + 3*o**3 - 4*o + 1. Suppose 8*w = 3 + 13. What is n(w)?
2
Let x(w) = -6*w**2 + 9*w + 2. Let m(f) = -3*f**2 + 4*f + 1. Let h(j) = 9*m(j) - 4*x(j). Calculate h(-1).
-2
Suppose 0 = -8*t + 6*t - 4*z - 6, -3*z = -5*t + 50. Let d(n) = n - 10. Give d(t).
-3
Let w(m) = -5*m**3 - m**2 + 1. Let a = -7 + 10. Suppose 0 = i + 2*o - 8, 0*o + 19 = a*i + 5*o. Let l be 1 - (i - (-2 + -2)). Determine w(l).
5
Suppose 26 = 5*a - l, 46 = 3*a + 4*l + 12. Let g(d) = a*d + d**2 + d**2 - 3*d**2. Calculate g(5).
5
Let r(t) = -t**2 + 14*t + 4. Let j be r(14). Let a(z) = -65*z**3 + 5*z**2 - 1 + 2 - 6*z + 64*z**3. Determine a(j).
-7
Let p(s) = -1. Let w(c) = -3*c - 4. Let j(x) = -4*p(x) + w(x). Give j(4).
-12
Let r(g) = -4*g - 1. Let x = 14 + -12. Let c(z) = z. Let k(t) = x*c(t) + r(t). Let f be (-1 + 0)/((-3)/9). What is k(f)?
-7
Let y(r) = -2*r**3 - 4*r**2 - 2*r - 5. Let f(n) = -3*n**3 - 3*n**2 - 2*n - 4. Let o(v) = -4*f(v) + 3*y(v). Calculate o(-1).
-7
Let w(f) = -f**2 + 11*f - 11. Let j(g) = g**3 - 5*g**2 - 35*g. Let m be j(9). Calculate w(m).
7
Let w(t) = t**2 - 3*t + 2. Let i be w(3). Let r(c) = 7 - 8 + 5*c**2 + 0 + i*c. Calculate r(1).
6
Let n(m) = -5*m - 1. Suppose u - 5*u = 4. Let x = 0 - u. What is n(x)?
-6
Let i(o) = -o**3 + 6*o**2 - 2. Suppose 0 = -2*w - 2*w + 24. Give i(w).
-2
Let m(r) = -r**3 - 1. Let x be m(0). Let g(y) be the second derivative of -y**4/4 - y**3/6 - 2*y. What is g(x)?
-2
Let t(r) be the third derivative of 3*r**2 + 0 - 1/24*r**4 + 0*r - 1/3*r**3. Calculate t(-5).
3
Let s(i) = -1 + 3*i + i - i**3 + 3*i**2 - 1. Let u be 0 + (1 - -1) - -3. Let l be ((-3)/u)/(5/(-25)). Calculate s(l).
10
Let k(i) = -3*i - i + 3*i**2 - 3*i - 1 - 4*i**2. Suppose 0 = x - 3*x + 3*u - 4, 0 = 5*u + 10. Determine k(x).
9
Let t(s) = -s**2 + 4*s + 5. Let z = 20 - 22. Let o be (-60)/(-14) + z/7. Give t(o).
5
Let g(h) = -h - 1. Let m(f) = -4*f. Let s(q) = g(q) - m(q). What is s(1)?
2
Suppose -3 = 2*x + w + 9, -3*x - 4*w - 23 = 0. Let n(u) = u**3 + 5*u**2 - 2*u - 3. Determine n(x).
7
Let b(l) = -l - 5. Suppose 3*o - a - 6 = -4*a, -5*o = -a - 10. Suppose -j = -o*v + 3*j + 34, 5*v - 4*j = 55. Suppose -v = -2*k + 1. Calculate b(k).
-9
Suppose -4*g + 8 = 3*t, 0 = -5*t + 3*g - 7 + 1. Let q(k) = -k**3. What is q(t)?
0
Let k(g) = 4 + 2*g**2 + g**3 + 13*g + 8*g**3 - 10*g**3 - 12*g. What is k(3)?
-2
Let b(r) = 7*r. Suppose -q - h + 6*h - 59 = 0, 5*h + 58 = -2*q. Let g be (-33)/q + 2/13. What is b(g)?
7
Suppose -3 = 3*d, -u - d = u - 9. Let i be (u - 1) + -1 + 2. Suppose j + 6*o - 3*o = 10, -4*j = i*o - 26. Let a(l) = l**2 - 5*l - 3. What is a(j)?
-7
Let q(z) = -z**3 + 4*z**2 + 5. Suppose 0 = 18*s - 19*s + 4. Determine q(s).
5
Suppose -2*u = -4*u + 6. Let t(y) = 6 + y + y - u*y. Give t(5).
1
Let u(j) = 5*j - 10. Let p(h) = -16*h + 14. Let y(a) = 11*a - 9. Let k(l) = 5*p(l) + 7*y(l). Let v(b) = -7*k(b) - 5*u(b). Give v(2).
-7
Suppose 4 = -h + 2*x - 6, 0 = -4*x + 8. Let g(d) = -5*d + 7. Let s(l) = -2*l + 2. Let b(m) = 4*g(m) - 11*s(m). Give b(h).
-6
Let r(j) = 2*j - 5. Suppose -4*l + 42 = 3*l. Calculate r(l).
7
Let j(b) = -17*b**2. Suppose 4*w = a + 9, -3*a + 5*w - 15 = -2. What is j(a)?
-17
Let u(b) = -b**3 + 3*b**2 + 5*b**2 - 7 + b - 5*b**2 + 5*b**2. Calculate u(8).
1
Let b(f) be the first derivative of -13*f**4/2 - 19. Determine b(1).
-26
Let p = 0 + 0. Let i be (-14)/(-4) - (-1)/(-2). Let j(z) = -3 - 2*z + 3 + i*z. What is j(p)?
0
Let l be -2 + 2 + 1 + 3. Let u(b) = -b**3 - 3*b**2 - b + 2. Let s be u(-2). Let r(c) = s - c - 1 + 4. Determine r(l).
-1
Let h(m) = -m + 2. Let j be h(-2). Let b(q) = q + 0*q**3 + 3*q - 2*q + j*q**2 + q**3 + 2. What is b(-3)?
5
Let s(u) be the third derivative of 13*u**5/60 - u**4/24 - u**3/6 + 6*u**2. Determine s(-1).
13
Suppose -3 - 9 = -6*i. Let a(y) be the second derivative of -2/3*y**3 + 0 + 1/12*y**4 - 5/2*y**i + y. Determine a(4).
-5
Suppose 3*g - 7 - 11 = 0. Let r(m) = m**3 - 7*m**2 + 4*m + 7. What is r(g)?
-5
Let c(j) be the third derivative of 0*j - 1/24*j**4 - 1/30*j**5 - 2*j**2 + 0 + 0*j**3. Let o be (-6)/(-4)*2/(-3). Give c(o).
-1
Let s = 10 + -6. Suppose 0*o - 5*o = s*d, -o - d = -1. Let t(p) = 2*p**2 + 5*p - 4. Give t(o).
8
Let c = 2 - 4. Let b(v) be the third derivative of -v**5/60 - v**4/12 - v**3/2 + 38*v**2. Calculate b(c).
-3
Suppose 0 = -3*t - 8 + 17. Let a(v) be the first derivative of 2*v**2 + 2 + 1/3*v**t + 3*v. Determine a(-4).
3
Let h(n) = -n**3 - 4*n**2 - n - 4. Let d be ((2 - -2) + -10)/(-2). Suppose -j - 3 = d*m + 13, 4*m + 32 = -4*j. Give h(j).
0
Suppose 3*j = -3*j + 3*j. Let w(d) be the third derivative of -2*d**2 + 1/24*d**4 + j*d + 0 + d**3. What is w(0)?
6
Let a(l) be the third derivative of l**9/60480 + l**8/4032 + l**7/1008 + l**5/60 + 5*l**2. Let s(p) be the third derivative of a(p). Give s(-4).
-4
Let h(d) = d - 4. Let f be 2 - (-1 - (2 + -2)). Determine h(f).
-1
Suppose 0 = -2*b + 6*b + 16. Let v(a) = -a**2 - 3*a + 3. What is v(b)?
-1
Let z(w) = w**2 - 3*w + 1. Suppose -7*n = -7 - 14. Determine z(n).
1
Let x(p) be the first derivative of 3*p**2/2 + p - 42. Let z = -3 + 0. What is x(z)?
-8
Let n be (1 - 2)/(2/(-4)). Let t(g) be the third derivative of g**8/20160 - g**6/720 - g**5/20 - g**2. Let w(f) be the third derivative of t(f). Give w(n).
3
Let y(v) = 3*v + 5. Let t(l) = l**2 - 3*l - 3. Let s be t(5). Suppose 3*p + w = -0*p + 8, -2*p + w = -2. Suppose p*d - 2*q = q + 1, d + q + s = 0. Give y(d).
-7
Let d(m) = -4*m**3 - 3*m + 3*m**3 + 2*m - 3*m**2. Let s(i) = -3*i - 1 - i**2 + 3*i. Let g be s(-1). Calculate d(g).
-2
Let m(n) = 2*n**2 + 6*n - 6. Suppose -12*t - 42 = 18. Determine m(t).
14
Let u(o) = -o**3 - 4*o**2 + o. Suppose -t - 5 = -1. Determine u(t).
-4
Let y be (-3)/(-6) + (-5)/(-2). Let r be 6*(3 + (-7)/y). Let i(k) = 5*k + r - 4*k - 2. Calculate i(-5).
-3
Let j(c) = 7*c**2 + 3*c + 1. Let v(g) be the second derivative of g**4/4 + g**3/3 - g. Let u = -15 - -10. Let q(p) = u*v(p) + 2*j(p). What is q(-3)?
5
Let i(w) = -3 + 0*w**2 - w**2 + 7*w - 2*w. Let j(y) = -y**3 - 2*y**2 + 2*y + 2. Suppose 2*b + 5*u + 11 = -5, 5*u + 19 = -3*b. Let d be j(b). Give i(d).
-3
Let t(b) = b**3 + 4*b**2 - 2. Let p(w) = -2*w**2 + 11*w - 11. Let v(u) = 5*u**2 - 23*u + 22. Let o(d) = 7*p(d) + 3*v(d). Let y be o(-9). What is t(y)?
6
Let v(n) be the first derivative of n**4/4 + 4*n**3/3 - n**2 - 3*n + 9. Determine v(-4).
5
Let g(h) = 3*h**2 + 14*h - 1 - 4 - 10*h**2 + h**3 - 6*h. Determine g(6).
7
Let f be (2/8)/((-1)/(-4)). Let a(v) = -3*v + 3. Let j(m) = -3*m + 2. Let g(r) = 2*a(r) - 3*j(r). Calculate g(f).
3
Let s(h) = h**3 + h**2 - 1. Let r be ((-20)/(-6))/(5/15). Suppose -r + 6 = 2*b. What is s(b)?
-5
Let d = -4 - -10. Let y(n) be the second derivative of -7/6*n**3 - n**2 + 1/12*n**4 + 0 + 2*n. Determine y(d).
-8
Suppose 0 = -2*t - t. Let d(a) = a - 